(12)?
5, 7
Let k(q) = 17*q - 1. Let l be k(-1). Let y = l + 31. What are the prime factors of y?
13
Let q(m) = -m - 5. Let g be q(-7). Suppose 0 = g*p - 5*p + 36. What are the prime factors of p?
2, 3
Let a be 5/7 + 6/21. List the prime factors of (62/8)/(a/4).
31
Suppose -o - 2*d = -3, o - 4*d = -0*d + 33. Suppose -100 = -3*n - n. Let j = n - o. List the prime factors of j.
2, 3
Suppose 0*u = -3*u + 105. List the prime factors of u.
5, 7
Let l = -14 - -23. Let z = 16 - l. List the prime factors of ((-40)/(-14))/(2/z).
2, 5
Let t = -8 + 9. What are the prime factors of ((-4)/2 + 10)*t?
2
List the prime factors of ((14 - 9)*(-17)/(-5))/1.
17
Let q(c) = -c**3 + c**2. Let m be q(-1). Suppose -2*l + 37 + 8 = 3*j, m*j = -3*l + 55. What are the prime factors of l?
3, 5
Let h(p) = -3*p + 9. Let r(m) = 8*m - 26. Let n(j) = -11*h(j) - 4*r(j). Let g be n(5). Let a = g + -4. What are the prime factors of a?
2, 3
Let h(b) = -2*b**2 + 10*b - 6. Let i be h(6). Let q = i - -57. What are the prime factors of q?
3, 13
Let h(p) be the second derivative of p**4/6 - p**3 - 11*p**2/2 + 2*p. What are the prime factors of h(6)?
5
Let n = -6 - -4. Let m(u) = -9*u. What are the prime factors of m(n)?
2, 3
Suppose -2*i - 5*m + 106 = 0, 3*i + 2*i = 3*m + 265. Suppose -2*q + i + 52 = 5*k, 3*q - 91 = -4*k. Let l = k + -9. List the prime factors of l.
2, 5
Suppose -5*w - 49 = 2*n, -5*w - 15 = -0*w. Suppose 140 = 4*u + u. Let a = n + u. What are the prime factors of a?
11
Suppose 3*n - 89 = -20. List the prime factors of n.
23
Let j(v) = v**3 - 8*v**2 - 10*v - 3. Let q(x) = 2*x + 3. Let n be q(3). Let p be j(n). Let i = p - -26. List the prime factors of i.
2, 7
Let i(f) = f**3 - 3*f - 1. Let a be i(-2). Let s(y) = -y**3 - 4*y**2 - 2*y + 1. Let k be s(a). What are the prime factors of k/3 + (-46)/(-6)?
7
List the prime factors of 11*(-4)/(-16)*4.
11
Let b(c) = c**2 + 13*c - 7. What are the prime factors of b(-15)?
23
Suppose -c + 2 = -19. Let b be 6/(-21) + 6/c. Suppose b = -3*n - 3*h + 24, 2*n + n + h = 16. What are the prime factors of n?
2
Suppose -3*s + 18 = -81. What are the prime factors of s?
3, 11
Suppose 4*k - 131 + 49 = 3*n, -3*k - n = -68. Let o = 42 - k. List the prime factors of o.
2, 5
Let r be ((-8)/14)/(2/(-7)). Suppose m - r*m = -23. What are the prime factors of m?
23
Let r = -48 - -83. Suppose 2*k + 5*h = r, 2*k + 2*h - 15 = k. Let n(g) = -g**2 + 5*g + 3. List the prime factors of n(k).
3
Let a = -1111 + 3330. List the prime factors of 2/(-9) - a/(-63).
5, 7
Let x = 4 + -4. Suppose -2*v - 3*v + 10 = x. Suppose k = v*k - 9. List the prime factors of k.
3
Let t = 12 - -14. Suppose -3*o + 8*o - 89 = 3*x, 0 = 2*o + 2*x - t. Let k = 23 - o. What are the prime factors of k?
7
Suppose 0 = -4*r - 260 + 876. List the prime factors of r.
2, 7, 11
Let t = 67 + -44. Suppose -t = -g - 0. List the prime factors of g.
23
Let f(h) = -h - 4. Let j be f(-7). Suppose -128 = g - j*g - 2*u, 49 = g - 2*u. List the prime factors of g.
59
Let b = -65 + 41. Let d be ((-3)/6)/((-2)/b). Let u(o) = -o + 1. What are the prime factors of u(d)?
7
Suppose -z + 30 = 2*z. What are the prime factors of z?
2, 5
Suppose 0*o - 714 = -3*o. What are the prime factors of o?
2, 7, 17
Let q = 30 - 8. List the prime factors of q.
2, 11
Suppose 0 = 152*b - 155*b + 432. What are the prime factors of b?
2, 3
Let l be ((-94)/(-3))/(1/(-3)). Let b be (-3 + 1)*l/4. Let h = -31 + b. What are the prime factors of h?
2
Let t(m) be the second derivative of m**4/4 - m**3/3 + 3*m**2 - 6*m. List the prime factors of t(-3).
3, 13
Let h(l) = -2*l + 20. Suppose -5*o - 2 - 43 = 0. List the prime factors of h(o).
2, 19
Let x(r) be the third derivative of 0*r + 1/60*r**5 - 1/3*r**3 + r**2 + 0 + 0*r**4. What are the prime factors of x(-4)?
2, 7
Suppose -s + 4*a + 4 = 3*s, -19 = 2*s + 5*a. Let h be (5/(-5))/(s/8). Suppose -c - 28 = -3*o, 3*o - h*c = c + 8. What are the prime factors of o?
11
Let d(l) = 2*l + 1. Suppose 0 = -4*s - 5 + 13. Suppose 7 = v + 4*v + k, -4 = v + s*k. What are the prime factors of d(v)?
5
Suppose 3*o + o - 92 = 4*u, -5*u = 5*o - 95. Suppose -4*t + o - 1 = 0. Suppose 15 = t*g - 40. What are the prime factors of g?
11
Let o(z) = -4*z + 9. List the prime factors of o(-10).
7
Suppose -5*b + 44 = -2*k, 2*k + 15 = 4*b - 25. What are the prime factors of 714/24 - (-9)/k?
29
Let q(n) be the second derivative of -2*n - 1/6*n**3 + 0 + 7*n**2. List the prime factors of q(6).
2
Suppose 0 = -4*g + 16 - 0. Suppose 0 = -2*k + 13 + 1. Suppose -44 = -g*l + d, -5*d - 20 = -l - k*d. What are the prime factors of l?
2, 3
Suppose 185 = 3*x - 1. What are the prime factors of x?
2, 31
Suppose 2*p + 2 = -4*b + 8, 2*b = -2. List the prime factors of p.
5
Let b(r) = -r**3 - 6*r**2 - 5*r + 1. Let s be b(-5). What are the prime factors of ((-1)/(-2))/(s/30)?
3, 5
Let m = 50 + -48. List the prime factors of m.
2
Suppose o + 4*o = 85. List the prime factors of o.
17
Suppose -2*v + 188 = l, v + v - 190 = -2*l. What are the prime factors of v?
3, 31
Let l(n) = -5*n - 9. Let c be l(-7). Let h = c + -13. List the prime factors of h.
13
What are the prime factors of 2*101 - (18 + -20)?
2, 3, 17
Suppose -4*q + 15 = -3*x, 0*x = 2*q + 2*x + 10. Suppose 3*l - 5*h + 1 = q, -l + 46 = 5*h + 13. Let w = l - -3. List the prime factors of w.
11
Let o(m) = -m**3 + 6*m**2 + 2. Suppose 0 = -2*z + 4*h + 14, -2*z - 2*h + 1 + 7 = 0. What are the prime factors of o(z)?
3
What are the prime factors of 15*(2 - (-24)/(-20))?
2, 3
Suppose -5*n - 116 = -301. List the prime factors of n.
37
Let t be -2 + (-1)/1 + 4. Suppose 5*o + 4*q = q + 101, -o = 3*q - 25. Let m = t + o. List the prime factors of m.
2, 5
Let k(u) = -6*u - 73. Let i be k(-12). Suppose 0 = g + 2*l - 26, -2*g - 36 = -3*g - 4*l. Let d = i + g. List the prime factors of d.
3, 5
Let o(l) = -9*l**2 - l + 1. Let g be (-4)/(-2) - 5/5. Let t be o(g). What are the prime factors of 8*(0 + t/(-6))?
2, 3
Suppose 4*g - 336 = -2*g. What are the prime factors of g?
2, 7
Suppose a - 4*q = 38, 2 = -4*q + 2*q. Suppose -5*o + 25 = 0, 5*u - o - 10 = o. Suppose x - 5 = 0, -4*x = -u*l - 2*x + a. What are the prime factors of l?
11
Let z be 3/9*3*11. Suppose f - 3*w = z + 5, -2*f + w = -17. Suppose 0*t - f = -t. List the prime factors of t.
7
Let o be (-8)/20 + 22/5. Suppose o*c - 219 = c. Suppose 6*p + 3*r - c = p, -3*p + 45 = 3*r. List the prime factors of p.
2, 7
Suppose -x - 5*w = 15, -1 + 0 = -x + 3*w. Let s = 7 + x. What are the prime factors of s?
2
Let t = 10 - 9. Let d(l) = 6*l**3 + l**2 - l. Let g be d(t). List the prime factors of ((-4)/g)/((-2)/33).
11
Let y(r) = r**3 + 14*r**2 - 5*r - 14. What are the prime factors of y(-14)?
2, 7
Let c(u) = 6*u**2 + u + 26. What are the prime factors of c(0)?
2, 13
Let t(g) = 2*g**2 + 12*g - 11. List the prime factors of t(8).
3, 71
Suppose 39 + 89 = -2*c. Let g = c - -90. Suppose g + 17 = 4*t + 5*b, 3*t = b + 37. What are the prime factors of t?
2, 3
Suppose -2*m - 8 = -6*m. Suppose 0 = m*u + p - 19, -4*u - u + 3*p + 75 = 0. What are the prime factors of u?
2, 3
Suppose 3*i - 5 = 16. Let y = i - 2. What are the prime factors of y?
5
Let w = 5 - 2. Suppose w*a + 23 = -7. Let d = a + 14. What are the prime factors of d?
2
Let i(l) = -4*l - 1. Let d be 1 - (-1 + 0)*-2. Let u be i(d). Suppose u*a - 47 = -3*s - a, a = -4*s + 54. List the prime factors of s.
13
Suppose 3*o - 9 = -2*h, 0*o + 4*o - 7 = -h. Suppose h*d - 1 = 5. Suppose -5*f + 12 = -2*a - 2*a, 2*f = -d*a + 12. What are the prime factors of a?
2
Suppose 3*v + 16 - 115 = 0. What are the prime factors of v?
3, 11
Let x = 7 + -3. Suppose j = x + 7. Suppose -9 = -2*z + j. List the prime factors of z.
2, 5
Let m = -36 - -53. What are the prime factors of m?
17
Let u = -12 + 23. List the prime factors of u.
11
Let b(a) = a - 6. Let v be b(6). List the prime factors of -1 + 0 + v + 16.
3, 5
Let s = 106 + -71. Suppose -4*w = 111 - 15. Let g = s + w. What are the prime factors of g?
11
Suppose -4*s + 9 = r - 15, 0 = -3*r + 12. Suppose -s*d + 30 = -2*w, -12 = 3*d - 5*d + 3*w. List the prime factors of d.
2, 3
Let z = 3 + -1. Suppose -2*y + 36 = 6*g - z*g, -4*g + 12 = -4*y. List the prime factors of g.
7
Let x be (9 - -2)*4/2. Let j = 10 - x. Let h = -6 - j. What are the prime factors of h?
2, 3
Let w = -44 